t is p(-3)?
-23
Let i(p) = 17*p**2 + p + 1. Let s be i(1). Let r(v) = -s + 8 + v + 22. Suppose 4*d - 3*q + 49 = -2*q, 4*q = -d + 9. What is r(d)?
0
Let g(p) = -357*p - 20. Let h(b) = 321*b + 21. Let x(r) = 9*g(r) + 10*h(r). Determine x(2).
24
Let r be (4/2)/(4/14). Let a(n) = n**2 - 40*n - 54*n - 2*n**2 - 12 + 0*n**2 + 3 + 102*n. What is a(r)?
-2
Let a(i) = 433 - 15*i - 16*i**2 + 7*i**2 - 489 + 8*i**2. What is a(-8)?
0
Let x(q) = 2*q**2 - 3*q + 2. Suppose m = b - 2*m - 3, -15 = -5*b + 2*m. Suppose -b*i + 0*w = -5*w - 9, 3*i = -3*w + 9. Calculate x(i).
11
Let k be (-37)/5 - 12/(-30). Let o(y) be the second derivative of -y**4/24 - 5*y**3/6 - 39*y**2/2 + 53*y. Let z(b) be the first derivative of o(b). Give z(k).
2
Let p be ((-22)/3)/(-2*2/6). Let n = -4 + p. Let u(y) be the first derivative of y**4/4 - 8*y**3/3 + 9*y**2/2 - 8*y + 5. Calculate u(n).
6
Let d(f) = -f - 13. Suppose 0*w - 3*w + 9 = -3*q, 0 = q. Suppose 22 = -w*i + n, -i = 2*n - 6 + 25. What is d(i)?
-4
Let y(z) be the second derivative of z**4/12 - z**3 + z**2 + 82189*z. Let m(s) = s**3 + 4*s**2 + s + 1. Let x be m(-3). What is y(x)?
9
Let r(z) be the first derivative of z**4/4 - 5*z**3/3 + 3*z**2/2 + 2*z - 1116. Let t be (-4)/2 + 4 + -5. Let s be (-2 - (-3)/3)*t. Determine r(s).
-7
Let f(o) = 27*o - 17*o - 5 + 70*o**2 - 72*o**2. Calculate f(8).
-53
Let l(y) = -5*y**2 + 41*y + 131. Let x(a) = -4*a**2 + 42*a + 131. Let o(u) = 5*l(u) - 6*x(u). Let q be o(-44). Let d(w) = -w**2 - 2*w + 1. Determine d(q).
-2
Let h(t) = 7*t**3 - 10*t**2 - 5*t**3 - 33*t**2 + 0*t**3 - 115*t + 43*t + 65. Let i be h(23). Let w(j) = 0 - 4*j + 2 - 4. Calculate w(i).
14
Let k = 6854 - 6870. Let l(v) = -6*v - 97. Give l(k).
-1
Let z = 1169 + -438. Let i = z - 730. Let d(r) = 10*r**3 - r + 1. What is d(i)?
10
Let h(y) be the third derivative of -y**4/4 - y**3/2 + 9*y**2. Let p(l) = -17*l - 9. Let x(b) = -11*h(b) + 4*p(b). Determine x(7).
-17
Suppose 3 = -2*f - 9. Let q = f - -8. Let u(a) = 8*a**2 + 6*a**2 + 425*a - 20*a**2 - 423*a - 1. Calculate u(q).
-21
Let c(m) be the first derivative of 1/24*m**4 + 1/6*m**3 + 5 + 6*m**2 + 0*m. Let w(h) be the second derivative of c(h). Determine w(-2).
-1
Let x(t) be the first derivative of -t**3/3 - 2*t**2 - t + 516. Calculate x(-4).
-1
Let p(j) = 35*j - 59. Let u(x) = 42*x - 60. Let t(s) = 7*p(s) - 6*u(s). What is t(-5)?
-18
Let q be ((-112)/42 + 0)*(-4)/8*6. Let t(o) be the first derivative of -1/3*o**3 - 6*o**2 - q*o - 11. Calculate t(-12).
-8
Let h(k) = k**3 + 6*k**2 + 2*k - 4. Suppose -6*x = -53 - 43. Suppose -x*p + 24 = -13*p. Suppose -5*i - g - 18 = p, -i + 4*g - 1 = 0. Calculate h(i).
11
Let b(v) = -38 + 15 + 4*v - 3*v + 13 + 4. Calculate b(4).
-2
Let l be ((-7)/(-14))/((-52)/(-24) + -2). Let g(i) = -i - 16*i + 18*i - l + 0. Calculate g(-3).
-6
Let m be 10/(0 + (4 - 2)). Let j(u) = 0*u + 3*u**2 + 82 - m*u - 159 + 78. Determine j(4).
29
Let p(f) = -2*f**3 - 19*f**2 + 11*f + 3. Let q be ((-28)/7 - -2) + (-4 - 0) + -4. Determine p(q).
-7
Let v(c) be the second derivative of -c**3/6 - 2*c**2 - 2133*c. Determine v(4).
-8
Suppose 12*b + 6*b = -4140. Let v = 239 + b. Let z(a) = a - 9. What is z(v)?
0
Suppose 1 = -5*m + 11. Suppose -m*u - 2 = -20. Suppose 5*p = -u + 39. Let d(a) = a**2 - a - 8. Give d(p).
22
Let k(v) = v**3 + 15*v**2. Let j(o) = -o - 27. Let w be -80*(-1)/(-7) + (-16)/28. Let u be j(w). What is k(u)?
0
Let z(d) = -2*d**2 - 52*d - 3. Let f be z(-26). Let u(w) = -2*w**3 - 2*w**2 - 3*w + 2. What is u(f)?
47
Let w(q) be the third derivative of q**4/6 + q**3 + 10*q**2. Let z(h) = -5*h - 5. Let o(y) = 3*w(y) + 2*z(y). Let c be -1 + ((-1)/6 - 637/(-78)). What is o(c)?
22
Let a(b) = -8*b**3 - b**2 - 19 + 11 + 2*b**3 + 9 + 4*b. Let i be a(3). Let g = 148 + i. Let v(x) = -x**3 - 9*x**2 + 9*x - 9. Determine v(g).
1
Let q(s) = -16*s + 5. Let a(d) = 9*d - 3. Let w(y) = 5*a(y) + 3*q(y). Suppose -2*l + 8 = -6*l. What is w(l)?
6
Let s(w) = 4*w**2 - 33*w - 125. Let h be s(-3). Let a(g) = -7*g - 10. Calculate a(h).
-80
Let j(g) = -3209360*g**2 + 21 + 3209361*g**2 - 6 - 5*g - 3*g. Calculate j(6).
3
Let y(c) be the first derivative of 1/2*c**2 + 63 - 11*c. Determine y(14).
3
Let o(r) = -12*r - 166. Let y be o(-14). Let u(d) = d + y - 5*d - 1 + 0 - d. Give u(3).
-14
Let m(f) = f**2 + 6*f + 1. Let u(l) = -6*l + 7 - 20*l + 33*l + l**2. Let x = 0 + -4. Let r be u(x). Give m(r).
-4
Let g = -396 + 406. Let s(j) = 10 - g - 1 + 12*j. Give s(3).
35
Let u(v) = -v**3 - 10*v**2 - v - 3. Let x be u(-10). Let o(d) = -13*d - 3. Let m(z) = -30*z - 7. Let p(q) = x*o(q) - 3*m(q). Calculate p(-4).
4
Let l(r) = 7*r - 32. Let q be l(5). Let y(t) = t**2 - t - 4. Let d be y(q). Let s(a) = -a**2 - d + 4 + 212*a - 216*a. Determine s(-5).
-3
Suppose -12*c - 76 - 32 = 0. Let t be 7/((-21)/c) - -13. Let g(y) = 36 + 2*y - 10 - t. Calculate g(-7).
-4
Let b = 231 + -158. Let y(t) = -305*t + 74*t + 76*t + b*t + 81*t + 3. Let v = -1 + -4. Give y(v).
8
Suppose 1150 = 5*a - x, -2*x - 952 = -4*a - 26. Let k = -227 + a. Let h(q) = -2*q + 3 + q - 2. What is h(k)?
-1
Let q(z) = 3*z**3 - 3*z**2. Let w(j) = j**3 - j**2 - j. Let v(n) = q(n) - 2*w(n). Suppose 128 = 2*h + 124. Let x be (h - 1)/(104/(-16) + 6). Determine v(x).
-16
Let u(l) = -8*l + 2*l + 48409 + 2*l + 3*l - 48410. What is u(-2)?
1
Let j(x) = -4*x + 9. Let p = -2327 + 2321. What is j(p)?
33
Let h(s) be the first derivative of s**4/4 - 4*s**3/3 - 7*s**2/2 - 2*s - 96. Let b = -1176 + 1181. Determine h(b).
-12
Let u(p) = -2*p + 106. Let w be u(52). Let q(s) = 3*s**3 - s + 1. Let h be q(1). Let x(b) = -4*b**3 - 2 + 3*b**3 + h*b**2 - b**2. Calculate x(w).
-2
Let j = -123 - -124. Let a(n) = -n**3 - 2*n**2 - 1. Let l(m) = 5*m**3 + 2*m**2 + 5. Let w(g) = j*l(g) + 3*a(g). What is w(3)?
20
Suppose -4*v - 25 - 131 = 0. Let j = -28 - v. Suppose 6*p - j*p = 20. Let r(b) = b**3 + 4*b**2 + b - 1. Determine r(p).
-5
Let s = 2588 + -2568. Let f(t) = t**2 - 22*t + 43. Determine f(s).
3
Let j(w) = w**2 + 8*w + 15. Let b be j(-3). Let i(l) = 110 - 116 - l**2 - l + b*l**2 - 5*l. Calculate i(-4).
2
Let n(w) = -163*w**2 - 3*w + 1. Let t(f) = 448*f**2 + 10*f - 3. Let y(r) = 11*n(r) + 4*t(r). Let d be (-3 + 2)/(1/(-5)). Calculate y(d).
9
Let m(j) be the first derivative of -j**4/4 + j**3/3 + 15*j**2/2 - 2*j - 128. Let k be m(4). Let n(a) = a**2 - 7*a - 28. Give n(k).
2
Let z(c) = 3*c - 8. Let o = 2027 + -2026. Calculate z(o).
-5
Let r(m) = 2*m**2 + m + 6. Let t(b) = b**2 + 5*b - 32. Let s(o) = 2*r(o) + t(o). Give s(2).
14
Suppose 400*h + 17 = 397*h + 41. Let g(v) = -v**3 + 9*v**2 - 13*v + 17. Give g(h).
-23
Suppose -11*s = -12*s + 5*h + 23, 0 = h + 4. Let m(c) = -1154*c**2 + c**s - 1159*c**2 - 8*c + 1 + 2308*c**2 - c. What is m(6)?
-17
Suppose 0 = -6*v - 8 + 26. Let m(j) = 1 - 6*j - 3 + 2*j**2 + 41*j**3 - 42*j**v - 6*j**2 - 1. Determine m(-3).
6
Let z(u) = -407*u - 2446. Let s be z(-6). Let k(n) = -n**3 - 3*n**2 - 9. Calculate k(s).
7
Let t(r) be the third derivative of r**5/60 + r**4/12 - 4*r**3 - 6*r**2 - 13. What is t(4)?
0
Suppose -f + 230 = -k + 197, 3*k - 63 = -3*f. Let i(u) = -u**2 + 24*u + 80. Determine i(f).
-1
Let y be 2324 + (2 + 15/(-12))*4. Let z(c) = -2326*c**2 + 3*c**3 - 3 + 3 + y*c**2. Let f(u) = -u + 8. Let a be f(7). What is z(a)?
4
Let k(v) be the second derivative of v**5/20 - 7*v**4/12 + 5*v**3/3 - 11*v**2/2 - 14*v. Let y be k(6). Let r = y + -14. Let a(p) = -p**2. Give a(r).
-1
Let y(z) = 2*z + 1. Let k = 39 - 45. Let c(b) = -b. Let u(h) = k*y(h) - 13*c(h). Let q = 9 + -1. Give u(q).
2
Let n be 2*(-2)/(-3)*9. Let r(j) = -n - 13 - 10 + 27 - j. What is r(-5)?
-3
Let a(r) = 23*r - 21. Let p(u) = 8*u - 7. Let c(z) = -6*a(z) + 17*p(z). Let s be (1/(-4) - 0)*(334 - 354). Give c(s).
-3
Suppose 14*k = n + 10*k - 5, 5*n + 2*k + 63 = 0. Let m(g) = 5*g + 9 + 2*g - 6*g. What is m(n)?
-2
Let p = 19 - -30. Suppose 0 = -19*k + 11 - p. Let g(v) = 6*v**2 + 2*v - 1. Calculate g(k).
19
Let x be 18/4 + (-2)/(-4). Let r(z) be the first derivative of 11*z**2/2 + 7*z + 19. Let c(d) = -4*d - 1. Let f(p) = -4*c(p) - r(p). Determine f(x).
22
Let j(t) = 172*t + 173*t + 5 - t**3 + 167*t - 683*t + 175*t - 2*t**2. Give j(-4).
21
Let m(s) = s**2 + 3*s - 9. Let p be m(-6). Let l be (p/(-4))/(1/4). Let z(h) = -9*h**2 + 35*h + 3 + 2 + 5 - 34*h - h**3. Give z(l).
1
Let r = 34 - 30. Suppose